{"id":86,"date":"2020-01-24T12:24:30","date_gmt":"2020-01-24T12:24:30","guid":{"rendered":"http:\/\/utesfradueg.de\/?page_id=86"},"modified":"2024-12-16T15:37:15","modified_gmt":"2024-12-16T15:37:15","slug":"downloads","status":"publish","type":"page","link":"https:\/\/utesfradueg.de\/?page_id=86","title":{"rendered":"Meine Angebote"},"content":{"rendered":"\n<p>Hier finden Sie interessante Dokumente und Entw\u00fcrfe zu Seminaren und meiner Arbeit als Coach und Trainerin. Kontaktieren Sie mich gerne f\u00fcr weitere Informationen. <\/p>\n\n\n<div class=\"wp-block-image\">\n<figure class=\"aligncenter is-resized\"><img loading=\"lazy\" decoding=\"async\" width=\"715\" height=\"677\" src=\"https:\/\/utesfradueg.de\/wp-content\/uploads\/2020\/02\/2ute.jpg\" alt=\"\" class=\"wp-image-266\" style=\"width:348px;height:330px\" srcset=\"https:\/\/utesfradueg.de\/wp-content\/uploads\/2020\/02\/2ute.jpg 715w, https:\/\/utesfradueg.de\/wp-content\/uploads\/2020\/02\/2ute-300x284.jpg 300w\" sizes=\"(max-width: 715px) 100vw, 715px\" \/><\/figure><\/div>\n\n\n<hr class=\"wp-block-separator has-css-opacity\"\/>\n\n\n\n<p class=\"has-text-align-center\"><strong>Gesund f\u00fchren und arbeiten<\/strong><\/p>\n\n\n\n<div class=\"wp-block-file\"><a id=\"wp-block-file--media-7ecb2654-3592-47d0-bff5-c6d6418f40cb\" href=\"https:\/\/utesfradueg.de\/wp-content\/uploads\/2020\/02\/Umgang-mit-Stress-Gesund-arbeiten.pdf\">Umgang-mit-Stress-Gesund-arbeiten<\/a><a href=\"https:\/\/utesfradueg.de\/wp-content\/uploads\/2020\/02\/Umgang-mit-Stress-Gesund-arbeiten.pdf\" class=\"wp-block-file__button wp-element-button\" download aria-describedby=\"wp-block-file--media-7ecb2654-3592-47d0-bff5-c6d6418f40cb\">Herunterladen<\/a><\/div>\n\n\n\n<div class=\"wp-block-file\"><a id=\"wp-block-file--media-6cef92ef-8981-4002-bb8d-ecb3a6534281\" href=\"https:\/\/utesfradueg.de\/wp-content\/uploads\/2020\/01\/Gesund-arbeiten-Umgang-mit-Stress.pdf\">Gesund-arbeiten-Umgang-mit-Stress<\/a><a href=\"https:\/\/utesfradueg.de\/wp-content\/uploads\/2020\/01\/Gesund-arbeiten-Umgang-mit-Stress.pdf\" class=\"wp-block-file__button wp-element-button\" download aria-describedby=\"wp-block-file--media-6cef92ef-8981-4002-bb8d-ecb3a6534281\">Herunterladen<\/a><\/div>\n\n\n\n<div class=\"wp-block-file\"><a id=\"wp-block-file--media-4ecc3360-645d-4808-b3b5-92a2a62c852d\" href=\"https:\/\/utesfradueg.de\/wp-content\/uploads\/2020\/02\/Gesundheitsbewusst-f\u00fchren.pdf\">Gesundheitsbewusst-f\u00fchren<\/a><a href=\"https:\/\/utesfradueg.de\/wp-content\/uploads\/2020\/02\/Gesundheitsbewusst-f\u00fchren.pdf\" class=\"wp-block-file__button wp-element-button\" download aria-describedby=\"wp-block-file--media-4ecc3360-645d-4808-b3b5-92a2a62c852d\">Herunterladen<\/a><\/div>\n\n\n\n<div class=\"wp-block-file\"><a id=\"wp-block-file--media-0472c769-4cfc-49d1-9421-4a4f231fdd25\" href=\"https:\/\/utesfradueg.de\/wp-content\/uploads\/2020\/02\/Teamcoaching-f\u00fcr-F\u00fchrungskr\u00e4fte-zur-Begleitung-im-Chanceprozess.pdf\">Teamcoaching-f\u00fcr-F\u00fchrungskr\u00e4fte-zur-Begleitung-im-Chanceprozess<\/a><a href=\"https:\/\/utesfradueg.de\/wp-content\/uploads\/2020\/02\/Teamcoaching-f\u00fcr-F\u00fchrungskr\u00e4fte-zur-Begleitung-im-Chanceprozess.pdf\" class=\"wp-block-file__button wp-element-button\" download aria-describedby=\"wp-block-file--media-0472c769-4cfc-49d1-9421-4a4f231fdd25\">Herunterladen<\/a><\/div>\n\n\n\n<hr class=\"wp-block-separator has-css-opacity\"\/>\n\n\n\n<p class=\"has-text-align-center\"><strong>Konflikttraining<\/strong><\/p>\n\n\n\n<div class=\"wp-block-file\"><a id=\"wp-block-file--media-311b0a39-938a-4b42-bf0a-dad40cac66c1\" href=\"https:\/\/utesfradueg.de\/wp-content\/uploads\/2020\/02\/Pr\u00e4ventiv-Konflikt-Training.pdf\">Pr\u00e4ventiv-Konflikt-Training<\/a><a href=\"https:\/\/utesfradueg.de\/wp-content\/uploads\/2020\/02\/Pr\u00e4ventiv-Konflikt-Training.pdf\" class=\"wp-block-file__button wp-element-button\" download aria-describedby=\"wp-block-file--media-311b0a39-938a-4b42-bf0a-dad40cac66c1\">Herunterladen<\/a><\/div>\n\n\n\n<div class=\"wp-block-file\"><a id=\"wp-block-file--media-e4f4aa07-9813-4460-9094-b6c6470eb42e\" href=\"https:\/\/utesfradueg.de\/wp-content\/uploads\/2020\/02\/Konflikttraining-Umgang-mit-schwierigen-Kunden.pdf\">Konflikttraining-Umgang-mit-schwierigen-Kunden<\/a><a href=\"https:\/\/utesfradueg.de\/wp-content\/uploads\/2020\/02\/Konflikttraining-Umgang-mit-schwierigen-Kunden.pdf\" class=\"wp-block-file__button wp-element-button\" download aria-describedby=\"wp-block-file--media-e4f4aa07-9813-4460-9094-b6c6470eb42e\">Herunterladen<\/a><\/div>\n\n\n\n<hr class=\"wp-block-separator has-css-opacity\"\/>\n\n\n\n<p class=\"has-text-align-center\"><strong>Kommunikation<\/strong><\/p>\n\n\n\n<div class=\"wp-block-file\"><a id=\"wp-block-file--media-47bbcb2d-9191-4b5d-b6c3-60a3dbc6e886\" href=\"https:\/\/utesfradueg.de\/wp-content\/uploads\/2020\/02\/Basales-Kommunikationsseminar.pdf\">Basales-Kommunikationsseminar<\/a><a href=\"https:\/\/utesfradueg.de\/wp-content\/uploads\/2020\/02\/Basales-Kommunikationsseminar.pdf\" class=\"wp-block-file__button wp-element-button\" download aria-describedby=\"wp-block-file--media-47bbcb2d-9191-4b5d-b6c3-60a3dbc6e886\">Herunterladen<\/a><\/div>\n\n\n\n<div class=\"wp-block-file\"><a id=\"wp-block-file--media-cc659b57-1b10-4f3b-a9a9-9b56a5e3718a\" href=\"https:\/\/utesfradueg.de\/wp-content\/uploads\/2020\/02\/Einf\u00fchlsame-Kommunikation-lernen.pdf\">Einf\u00fchlsame-Kommunikation-lernen<\/a><a href=\"https:\/\/utesfradueg.de\/wp-content\/uploads\/2020\/02\/Einf\u00fchlsame-Kommunikation-lernen.pdf\" class=\"wp-block-file__button wp-element-button\" download aria-describedby=\"wp-block-file--media-cc659b57-1b10-4f3b-a9a9-9b56a5e3718a\">Herunterladen<\/a><\/div>\n\n\n\n<div class=\"wp-block-file\"><a id=\"wp-block-file--media-81c50e4d-5f32-44a2-91f3-4294b291aedf\" href=\"https:\/\/utesfradueg.de\/wp-content\/uploads\/2020\/02\/Gespr\u00e4chskompetenzen-entwickeln.pdf\">Gespr\u00e4chskompetenzen-entwickeln<\/a><a href=\"https:\/\/utesfradueg.de\/wp-content\/uploads\/2020\/02\/Gespr\u00e4chskompetenzen-entwickeln.pdf\" class=\"wp-block-file__button wp-element-button\" download aria-describedby=\"wp-block-file--media-81c50e4d-5f32-44a2-91f3-4294b291aedf\">Herunterladen<\/a><\/div>\n\n\n\n<div class=\"wp-block-file\"><a id=\"wp-block-file--media-ed8edded-62ad-41ae-85ba-a239bd80dd88\" href=\"https:\/\/utesfradueg.de\/wp-content\/uploads\/2020\/02\/Kommunikation-im-Team.pdf\">Kommunikation-im-Team<\/a><a href=\"https:\/\/utesfradueg.de\/wp-content\/uploads\/2020\/02\/Kommunikation-im-Team.pdf\" class=\"wp-block-file__button wp-element-button\" download aria-describedby=\"wp-block-file--media-ed8edded-62ad-41ae-85ba-a239bd80dd88\">Herunterladen<\/a><\/div>\n\n\n\n<div class=\"wp-block-file\"><a id=\"wp-block-file--media-56b45fb3-ccc2-4cbc-8ef7-05b93207aec1\" href=\"https:\/\/utesfradueg.de\/wp-content\/uploads\/2020\/02\/Lebendige-Kommunikation-der-direkte-Weg-zum-Miteinander.pdf\">Lebendige-Kommunikation-der-direkte-Weg-zum-Miteinander<\/a><a href=\"https:\/\/utesfradueg.de\/wp-content\/uploads\/2020\/02\/Lebendige-Kommunikation-der-direkte-Weg-zum-Miteinander.pdf\" class=\"wp-block-file__button wp-element-button\" download aria-describedby=\"wp-block-file--media-56b45fb3-ccc2-4cbc-8ef7-05b93207aec1\">Herunterladen<\/a><\/div>\n\n\n\n<div class=\"wp-block-file\"><a id=\"wp-block-file--media-8e8f51dc-da35-40cf-b996-5b30d379ba4c\" href=\"https:\/\/utesfradueg.de\/wp-content\/uploads\/2020\/02\/Sprache-und-K\u00f6rpersprache-im-beruflichen-Alltag.pdf\">Sprache-und-K\u00f6rpersprache-im-beruflichen-Alltag<\/a><a href=\"https:\/\/utesfradueg.de\/wp-content\/uploads\/2020\/02\/Sprache-und-K\u00f6rpersprache-im-beruflichen-Alltag.pdf\" class=\"wp-block-file__button wp-element-button\" download aria-describedby=\"wp-block-file--media-8e8f51dc-da35-40cf-b996-5b30d379ba4c\">Herunterladen<\/a><\/div>\n\n\n\n<div class=\"wp-block-file\"><a id=\"wp-block-file--media-1e447d62-63d7-4cf8-ad7e-e920a8a59e7d\" href=\"https:\/\/utesfradueg.de\/wp-content\/uploads\/2020\/02\/Wie-kommunizieren-wir-richtig-um-nicht-falsch-verstanden-zu-werden.pdf\">Wie-kommunizieren-wir-richtig-um-nicht-falsch-verstanden-zu-werden<\/a><a href=\"https:\/\/utesfradueg.de\/wp-content\/uploads\/2020\/02\/Wie-kommunizieren-wir-richtig-um-nicht-falsch-verstanden-zu-werden.pdf\" class=\"wp-block-file__button wp-element-button\" download aria-describedby=\"wp-block-file--media-1e447d62-63d7-4cf8-ad7e-e920a8a59e7d\">Herunterladen<\/a><\/div>\n\n\n\n<hr class=\"wp-block-separator has-css-opacity\"\/>\n\n\n\n<p class=\"has-text-align-center\"><strong>Kita- und Schule: Kommunikation<\/strong><\/p>\n\n\n\n<div class=\"wp-block-file\"><a id=\"wp-block-file--media-3a78e9d0-f42e-436a-8ded-efcae5dd4548\" href=\"https:\/\/utesfradueg.de\/wp-content\/uploads\/2020\/02\/Konfliktgespr\u00e4che-mit-Eltern.pdf\">Konfliktgespr\u00e4che-mit-Eltern<\/a><a href=\"https:\/\/utesfradueg.de\/wp-content\/uploads\/2020\/02\/Konfliktgespr\u00e4che-mit-Eltern.pdf\" class=\"wp-block-file__button wp-element-button\" download aria-describedby=\"wp-block-file--media-3a78e9d0-f42e-436a-8ded-efcae5dd4548\">Herunterladen<\/a><\/div>\n\n\n\n<div class=\"wp-block-file\"><a id=\"wp-block-file--media-f1fd542a-eb06-480b-a16d-67a4870514d3\" href=\"https:\/\/utesfradueg.de\/wp-content\/uploads\/2020\/02\/Sags-einfach-positiv-positive-Kommunikation-im-Schulalltag.pdf\">Sags-einfach-positiv-positive-Kommunikation-im-Schulalltag<\/a><a href=\"https:\/\/utesfradueg.de\/wp-content\/uploads\/2020\/02\/Sags-einfach-positiv-positive-Kommunikation-im-Schulalltag.pdf\" class=\"wp-block-file__button wp-element-button\" download aria-describedby=\"wp-block-file--media-f1fd542a-eb06-480b-a16d-67a4870514d3\">Herunterladen<\/a><\/div>\n\n\n\n<div class=\"wp-block-file\"><a id=\"wp-block-file--media-eed60aeb-391b-4914-858a-687c6073ff66\" href=\"https:\/\/utesfradueg.de\/wp-content\/uploads\/2020\/02\/Spezielle-Angebote-f\u00fcr-Kita-in-MOL.pdf\">Spezielle-Angebote-f\u00fcr-Kita-in-MOL<\/a><a href=\"https:\/\/utesfradueg.de\/wp-content\/uploads\/2020\/02\/Spezielle-Angebote-f\u00fcr-Kita-in-MOL.pdf\" class=\"wp-block-file__button wp-element-button\" download aria-describedby=\"wp-block-file--media-eed60aeb-391b-4914-858a-687c6073ff66\">Herunterladen<\/a><\/div>\n\n\n\n<div class=\"wp-block-file\"><a id=\"wp-block-file--media-c03fb466-97d7-4e19-ae70-844739eb8459\" href=\"https:\/\/utesfradueg.de\/wp-content\/uploads\/2020\/02\/Unternehmenstheater-Modulare-Weiterbildung.pdf\">Unternehmenstheater-Modulare-Weiterbildung<\/a><\/div>\n\n\n\n<div class=\"wp-block-file\"><a id=\"wp-block-file--media-8e74424c-c4f3-4e95-ad97-f9962aa7e25e\" href=\"https:\/\/utesfradueg.de\/wp-content\/uploads\/2020\/02\/Wertsch\u00e4tzende-Kommunikation-im-Kita-Alltag.pdf\">Wertsch\u00e4tzende-Kommunikation-im-Kita-Alltag<\/a><a href=\"https:\/\/utesfradueg.de\/wp-content\/uploads\/2020\/02\/Wertsch\u00e4tzende-Kommunikation-im-Kita-Alltag.pdf\" class=\"wp-block-file__button wp-element-button\" download aria-describedby=\"wp-block-file--media-8e74424c-c4f3-4e95-ad97-f9962aa7e25e\">Herunterladen<\/a><\/div>\n\n\n\n<hr class=\"wp-block-separator has-css-opacity\"\/>\n\n\n\n<p class=\"has-text-align-center\"><strong>Home-Training Angebot in Podelzig<\/strong> <\/p>\n\n\n\n<div class=\"wp-block-file\"><a id=\"wp-block-file--media-f0b6611b-ec05-4721-af0d-e56bc3318691\" href=\"https:\/\/utesfradueg.de\/wp-content\/uploads\/2024\/12\/Hometraining-2025.pdf\">Hometraining 2025<\/a><a href=\"https:\/\/utesfradueg.de\/wp-content\/uploads\/2024\/12\/Hometraining-2025.pdf\" class=\"wp-block-file__button wp-element-button\" download aria-describedby=\"wp-block-file--media-f0b6611b-ec05-4721-af0d-e56bc3318691\">Herunterladen<\/a><\/div>\n\n\n\n<p style=\"font-size:15px\"><\/p>\n\n\n\n<hr class=\"wp-block-separator has-css-opacity\"\/>\n\n\n<div class=\"wp-block-image\">\n<figure class=\"aligncenter size-large is-resized\"><img loading=\"lazy\" decoding=\"async\" width=\"714\" height=\"508\" src=\"https:\/\/utesfradueg.de\/wp-content\/uploads\/2020\/02\/1ute.jpg\" alt=\"\" class=\"wp-image-267\" style=\"width:394px;height:280px\" srcset=\"https:\/\/utesfradueg.de\/wp-content\/uploads\/2020\/02\/1ute.jpg 714w, https:\/\/utesfradueg.de\/wp-content\/uploads\/2020\/02\/1ute-300x213.jpg 300w\" sizes=\"(max-width: 714px) 100vw, 714px\" \/><\/figure><\/div>","protected":false},"excerpt":{"rendered":"<p>Hier finden Sie interessante Dokumente und Entw\u00fcrfe zu Seminaren und meiner Arbeit als Coach und Trainerin. Kontaktieren Sie mich gerne f\u00fcr weitere Informationen. Gesund f\u00fchren und arbeiten Konflikttraining Kommunikation Kita- und Schule: Kommunikation Home-Training Angebot in Podelzig<\/p>\n","protected":false},"author":1,"featured_media":0,"parent":0,"menu_order":0,"comment_status":"closed","ping_status":"closed","template":"templates\/fullwidth.php","meta":{"ngg_post_thumbnail":0,"footnotes":""},"class_list":["post-86","page","type-page","status-publish","hentry"],"_links":{"self":[{"href":"https:\/\/utesfradueg.de\/index.php?rest_route=\/wp\/v2\/pages\/86"}],"collection":[{"href":"https:\/\/utesfradueg.de\/index.php?rest_route=\/wp\/v2\/pages"}],"about":[{"href":"https:\/\/utesfradueg.de\/index.php?rest_route=\/wp\/v2\/types\/page"}],"author":[{"embeddable":true,"href":"https:\/\/utesfradueg.de\/index.php?rest_route=\/wp\/v2\/users\/1"}],"replies":[{"embeddable":true,"href":"https:\/\/utesfradueg.de\/index.php?rest_route=%2Fwp%2Fv2%2Fcomments&post=86"}],"version-history":[{"count":21,"href":"https:\/\/utesfradueg.de\/index.php?rest_route=\/wp\/v2\/pages\/86\/revisions"}],"predecessor-version":[{"id":399,"href":"https:\/\/utesfradueg.de\/index.php?rest_route=\/wp\/v2\/pages\/86\/revisions\/399"}],"wp:attachment":[{"href":"https:\/\/utesfradueg.de\/index.php?rest_route=%2Fwp%2Fv2%2Fmedia&parent=86"}],"curies":[{"name":"wp","href":"https:\/\/api.w.org\/{rel}","templated":true}]}}