{"id":165,"date":"2020-02-10T09:34:30","date_gmt":"2020-02-10T09:34:30","guid":{"rendered":"https:\/\/utesfradueg.de\/?page_id=165"},"modified":"2020-10-25T14:54:50","modified_gmt":"2020-10-25T14:54:50","slug":"coaching","status":"publish","type":"page","link":"https:\/\/utesfradueg.de\/?page_id=165","title":{"rendered":"Coaching"},"content":{"rendered":"\n<div class=\"wp-block-media-text alignwide\" style=\"grid-template-columns:15% auto\"><figure class=\"wp-block-media-text__media\"><img loading=\"lazy\" decoding=\"async\" width=\"605\" height=\"911\" src=\"https:\/\/utesfradueg.de\/wp-content\/uploads\/2020\/10\/Bild1.jpg\" alt=\"\" class=\"wp-image-275\" srcset=\"https:\/\/utesfradueg.de\/wp-content\/uploads\/2020\/10\/Bild1.jpg 605w, https:\/\/utesfradueg.de\/wp-content\/uploads\/2020\/10\/Bild1-199x300.jpg 199w\" sizes=\"(max-width: 605px) 100vw, 605px\" \/><\/figure><div class=\"wp-block-media-text__content\">\n<p class=\"has-normal-font-size\">Ich coache auch online.<br>Wir nutzen das Programm ZOOM und nehmen uns 50 Minuten Zeit f\u00fcr deine Themen. Zum Abschluss bekommst du eine Aufgabe, die dir dabei hilft weiterzukommen. Beim n\u00e4chsten Mal besprechen wir deine Erfolge und arbeiten an weiteren aktuellen Themen, die du bestimmst. Ich begleite dich bei deiner Entwicklungs-Arbeit. Einf\u00fchlsam und professionell.<br>Melde dich einfach an und wir besprechen alles Weitere.<br>Ich freue mich auf dich.<br> <\/p>\n<\/div><\/div>\n\n\n\n<div style=\"height:63px\" aria-hidden=\"true\" class=\"wp-block-spacer\"><\/div>\n\n\n\n<div class=\"wp-block-media-text alignwide\" style=\"grid-template-columns:20% auto\"><figure class=\"wp-block-media-text__media\"><img decoding=\"async\" src=\"http:\/\/utesfradueg.de\/wp-content\/uploads\/2020\/01\/Coach.jpg\" alt=\"\"\/><\/figure><div class=\"wp-block-media-text__content\">\n<p class=\"has-normal-font-size\"><strong>Mein Coaching-Verst\u00e4ndnis<\/strong>:<\/p>\n<\/div><\/div>\n\n\n\n<div style=\"height:20px\" aria-hidden=\"true\" class=\"wp-block-spacer\"><\/div>\n\n\n\n<p>In allen Begegnungen geht es mir insbesondere darum, vertrauensvoll und sensibel mit den aktuellen Lebensthemen meiner Klienten umzugehen und einf\u00fchlend und unterst\u00fctzend diese kritische Lebensphase zu begleiten. Dabei nutze ich meine vielf\u00e4ltigen Methoden, um die Klienten-Ressourcen  zu erkennen und zu  mobilisieren. Ziel der gemeinsamen Arbeit ist es, durch die wiedergewonnene Klarheit auch die  Lebensfreude zur\u00fcckzugewinnen.<br><\/p>\n\n\n\n<div style=\"height:35px\" aria-hidden=\"true\" class=\"wp-block-spacer\"><\/div>\n\n\n\n<p><strong>Schwerpunkte der Coaching-Arbeit<\/strong>:<\/p>\n\n\n\n<p>&#8211; Entscheidungsfragen in Beruf, Studium oder privat<br>&#8211; Pers\u00f6nliche und berufliche Konflikten<br>&#8211; Fragen in Bezug auf Motivation oder Sinn<br>&#8211; Pers\u00f6nliche oder berufliche Blockaden <\/p>\n\n\n\n<div style=\"height:36px\" aria-hidden=\"true\" class=\"wp-block-spacer\"><\/div>\n\n\n\n<p class=\"has-text-align-left\"><strong>Verschiedene Coaching-Formen<\/strong><br>&#8211; Face-to-face Coaching: z.B. 14-t\u00e4gig, Dauer 60-90 min.<br>&#8211; Telefon- Coaching: z.B. alle 1-2 Wochen, 30-60 min.<br>&#8211; Email-Coaching: bei Bedarf erg\u00e4nzend jederzeit m\u00f6glich <\/p>\n","protected":false},"excerpt":{"rendered":"<p>Ich coache auch online.Wir nutzen das Programm ZOOM und nehmen uns 50 Minuten Zeit f\u00fcr deine Themen. Zum Abschluss bekommst du eine Aufgabe, die dir dabei hilft weiterzukommen. Beim n\u00e4chsten Mal besprechen wir deine Erfolge und arbeiten an weiteren aktuellen Themen, die du bestimmst. Ich begleite dich bei deiner Entwicklungs-Arbeit. Einf\u00fchlsam und professionell.Melde dich einfach [&hellip;]<\/p>\n","protected":false},"author":1,"featured_media":0,"parent":0,"menu_order":0,"comment_status":"closed","ping_status":"closed","template":"templates\/fullwidth.php","meta":{"ngg_post_thumbnail":0,"footnotes":""},"class_list":["post-165","page","type-page","status-publish","hentry"],"_links":{"self":[{"href":"https:\/\/utesfradueg.de\/index.php?rest_route=\/wp\/v2\/pages\/165"}],"collection":[{"href":"https:\/\/utesfradueg.de\/index.php?rest_route=\/wp\/v2\/pages"}],"about":[{"href":"https:\/\/utesfradueg.de\/index.php?rest_route=\/wp\/v2\/types\/page"}],"author":[{"embeddable":true,"href":"https:\/\/utesfradueg.de\/index.php?rest_route=\/wp\/v2\/users\/1"}],"replies":[{"embeddable":true,"href":"https:\/\/utesfradueg.de\/index.php?rest_route=%2Fwp%2Fv2%2Fcomments&post=165"}],"version-history":[{"count":9,"href":"https:\/\/utesfradueg.de\/index.php?rest_route=\/wp\/v2\/pages\/165\/revisions"}],"predecessor-version":[{"id":277,"href":"https:\/\/utesfradueg.de\/index.php?rest_route=\/wp\/v2\/pages\/165\/revisions\/277"}],"wp:attachment":[{"href":"https:\/\/utesfradueg.de\/index.php?rest_route=%2Fwp%2Fv2%2Fmedia&parent=165"}],"curies":[{"name":"wp","href":"https:\/\/api.w.org\/{rel}","templated":true}]}}